{"id":933,"date":"2023-04-15T18:04:15","date_gmt":"2023-04-15T17:04:15","guid":{"rendered":"https:\/\/www.beachsport-bb.de\/beachvolleyball-brandenburg\/?page_id=933"},"modified":"2025-05-25T14:03:04","modified_gmt":"2025-05-25T13:03:04","slug":"mitglieder","status":"publish","type":"page","link":"https:\/\/www.beachsport-bb.de\/beachvolleyball-brandenburg\/mitglieder\/","title":{"rendered":"Mitglieder"},"content":{"rendered":"\n<p>Bist du schon Mitglied?<\/p>\n\n\n\n<p>Hier findet Ihr die <a href=\"https:\/\/www.beachsport-bb.de\/beachvolleyball-brandenburg\/verein\/satzung\/\" data-type=\"page\" data-id=\"29\">Satzung<\/a><\/p>\n\n\n\n<p>Bist du noch kein Mitglied?<\/p>\n\n\n\n<p>Hier gehts zum <a href=\"https:\/\/www.beachsport-bb.de\/beachvolleyball-brandenburg\/ibu\/aufnahmeformular\/\" data-type=\"page\" data-id=\"937\">Aufnahmeformular<\/a><\/p>\n\n\n\n<p><strong>Nutzungsentgeltordnung<\/strong><\/p>\n\n\n\n<p>Gem\u00e4\u00df Beschluss der Mitgliederversammlung vom 5.4.2022 wurde der Beitrag f\u00fcr normal zahlende Mitglieder des Beachsport B&amp;B e.V. <strong>ab dem Jahr 2023 <\/strong>mit <strong>100,00 \u20ac pro Jahr, zahlbar bis zum 31.03. des Jahres <\/strong>festgelegt. <br>Gleichzeitig wurde eine neue Beitragsgruppe ,, <strong>Kind<\/strong>\u201c in H\u00f6he von <strong>50,00 \u20ac j\u00e4hrlich<\/strong> beschlossen. Die Verantwortlichen der Kindergruppen sollen 50% der generierten Einnahmen f\u00fcr eigene Zwecke ( Aufwandsentsch\u00e4digung Trainer oder Material) vom Verein erhalten.<\/p>\n\n\n\n<p>Die <strong>Bankverbindung <\/strong>zur \u00dcberweisung  des Beitrags findet Ihr hier: <a href=\"https:\/\/www.beachsport-bb.de\/beachvolleyball-brandenburg\/verein\/impressum\/\" data-type=\"page\" data-id=\"31\">Impressum<\/a><\/p>\n\n\n\n<p><strong>Das Nutzungsentgelt f\u00fcr Nichtmitglieder ab der Saison 2023 <\/strong><\/p>\n\n\n\n<p><\/p>\n\n\n\n<figure class=\"wp-block-table\"><table><tbody><tr><td>Erwachsene<\/td><td>5,00 \u20ac\/Std\/Pers.<\/td><\/tr><tr><td>Vereine mit regelm\u00e4\u00dfigen Trainingszeiten<\/td><td>2,00 \u20ac\/Std\/Pers bei Abschluss eines Nutzungsvertrages<\/td><\/tr><tr><td>Kinder &#8211; und Jugendgruppen<\/td><td>3,00 \u20ac\/Std\/Pers.<\/td><\/tr><tr><td>Schulklassen<\/td><td>3,00 \u20ac\/Pers\/ Veranstaltung<\/td><\/tr><\/tbody><\/table><\/figure>\n\n\n\n<p><strong>\u00dcbernachtung<\/strong><\/p>\n\n\n\n<p>\u00dcbernachtung im eigenen Zelt kostet pro Kind bis 14 Jahren 3,00 \u20ac\/Nacht, ab 14 Jahren 6,00\u20ac \/ Nacht<\/p>\n","protected":false},"excerpt":{"rendered":"<p>Bist du schon Mitglied? Hier findet Ihr die Satzung Bist du noch kein Mitglied? Hier gehts zum Aufnahmeformular Nutzungsentgeltordnung Gem\u00e4\u00df Beschluss der Mitgliederversammlung vom 5.4.2022 wurde der Beitrag f\u00fcr normal zahlende Mitglieder des Beachsport B&amp;B e.V. ab dem Jahr 2023 mit 100,00 \u20ac pro Jahr, zahlbar bis zum 31.03. des Jahres festgelegt. Gleichzeitig wurde eine &hellip; <\/p>\n<p class=\"link-more\"><a href=\"https:\/\/www.beachsport-bb.de\/beachvolleyball-brandenburg\/mitglieder\/\" class=\"more-link\"><span class=\"screen-reader-text\">\u201eMitglieder\u201c<\/span> weiterlesen<\/a><\/p>\n","protected":false},"author":7,"featured_media":0,"parent":0,"menu_order":0,"comment_status":"closed","ping_status":"closed","template":"","meta":{"footnotes":""},"class_list":["post-933","page","type-page","status-publish","hentry"],"_links":{"self":[{"href":"https:\/\/www.beachsport-bb.de\/beachvolleyball-brandenburg\/wp-json\/wp\/v2\/pages\/933","targetHints":{"allow":["GET"]}}],"collection":[{"href":"https:\/\/www.beachsport-bb.de\/beachvolleyball-brandenburg\/wp-json\/wp\/v2\/pages"}],"about":[{"href":"https:\/\/www.beachsport-bb.de\/beachvolleyball-brandenburg\/wp-json\/wp\/v2\/types\/page"}],"author":[{"embeddable":true,"href":"https:\/\/www.beachsport-bb.de\/beachvolleyball-brandenburg\/wp-json\/wp\/v2\/users\/7"}],"replies":[{"embeddable":true,"href":"https:\/\/www.beachsport-bb.de\/beachvolleyball-brandenburg\/wp-json\/wp\/v2\/comments?post=933"}],"version-history":[{"count":8,"href":"https:\/\/www.beachsport-bb.de\/beachvolleyball-brandenburg\/wp-json\/wp\/v2\/pages\/933\/revisions"}],"predecessor-version":[{"id":1138,"href":"https:\/\/www.beachsport-bb.de\/beachvolleyball-brandenburg\/wp-json\/wp\/v2\/pages\/933\/revisions\/1138"}],"wp:attachment":[{"href":"https:\/\/www.beachsport-bb.de\/beachvolleyball-brandenburg\/wp-json\/wp\/v2\/media?parent=933"}],"curies":[{"name":"wp","href":"https:\/\/api.w.org\/{rel}","templated":true}]}}