{"id":31,"date":"2010-04-30T20:59:09","date_gmt":"2010-04-30T20:59:09","guid":{"rendered":"http:\/\/www.beachsport-bb.de\/beachvolleyball-brandenburg\/?page_id=31"},"modified":"2025-08-18T09:34:55","modified_gmt":"2025-08-18T08:34:55","slug":"impressum","status":"publish","type":"page","link":"https:\/\/www.beachsport-bb.de\/beachvolleyball-brandenburg\/verein\/impressum\/","title":{"rendered":"Impressum"},"content":{"rendered":"<p><strong>Anschrift<\/strong><\/p>\n<p>Beachsport-BB e. V.<br \/>\nTobias-Christoph-Feilner-Str. 6<br \/>\n16727 Velten<\/p>\n<p><strong>Bankverbindung<\/strong><\/p>\n<p>Beachsport-BB e. V.<br \/>\nIBAN: DE21 1605 0000 3708 0042 39<br \/>\nSWIFT-BIC: WELADED1PMB<\/p>\n<div><strong>Vorstand<\/strong><\/div>\n<p>Telefon: 03304 562025<br \/>\nFax-Nr.: 03303\u00a0 218475<\/p>\n<p>e-mail: <strong>info(at)beachsport-bb.de<\/strong><\/p>\n<p>1. Vorsitzender: Holger Skibbe<\/p>\n<p>2. Vorsitzender: Olaf Scholz<\/p>\n<div><strong>Hinweise<\/strong><\/div>\n<div><strong>\u00a0<\/strong><\/div>\n<div>Trotz sorgf\u00e4ltiger inhaltlicher Kontrolle \u00fcbernehmen wir keine<br \/>\nHaftung f\u00fcr die Inhalte externer verlinkter Webseiten.<br \/>\nAlle Angaben auf unserer Internetpr\u00e4senz sind ohne Gew\u00e4hr.<br \/>\nDer Autor \u00fcbernimmt keinerlei Gew\u00e4hr f\u00fcr die Aktualit\u00e4t, Richtigkeit,<br \/>\nVollst\u00e4ndigkeit oder Qualit\u00e4t der bereitgestellten Informationen.<\/div>\n<div>\n<p><strong>Datenschutz<\/strong><\/p>\n<p>Wir sammeln ohne ihre Zustimmung \u00fcber unsere<br \/>\nWebsites keinerlei personenbezogene Daten.<br \/>\nAngaben, die uns zukommen, sind von<br \/>\nihnen freiwillig mitgeteilt worden.<\/p>\n<p>Angaben f\u00fcr die Anmeldung zu den Turnieren werden f\u00fcr die korrekte<br \/>\nDurchf\u00fchrung der Turniere genutzt. Sie werden nicht an dritte weitergegeben<br \/>\nund k\u00f6nnen jederzeit von Ihnen gel\u00f6scht werden. Sie erhalten auch keinerlei<br \/>\nWerbung \u00fcber Konsumprodukte oder \u00e4hnlichen.<\/p>\n<\/div>\n<div>F\u00fcr die Anmeldung und \u00dcbersicht anderer Teams,<br \/>\nwerden die Turnierbezogenen Daten: Teamname, Spieler1_Name, Spieler2_Name und Vereine dargestellt.<br \/>\nSomit haben Spieler die M\u00f6glichkeit, sich \u00fcber andere Teams und Spielniveau zu erkundigen.<\/div>\n<div>Bei Bestellung des Newsletter stimmen Sie zu, dass Sie von uns E-Mails erhalten,<br \/>\ndie Inhalte \u00fcber verschiedene Aktivit\u00e4ten \u00fcber den Verein, Aktionen, Turniere enthalten.<br \/>\nDiesen k\u00f6nnen Sie ebenfalls jederzeit abbestellen.<\/div>\n<div>\n<p><strong>Technische Ansprechpartner<\/strong><\/p>\n<\/div>\n<div>Paul Landler<br \/>\nE-Mail <strong>info(at)beachsport-bb.de<\/strong><\/div>\n","protected":false},"excerpt":{"rendered":"<p>Anschrift Beachsport-BB e. V. Tobias-Christoph-Feilner-Str. 6 16727 Velten Bankverbindung Beachsport-BB e. V. IBAN: DE21 1605 0000 3708 0042 39 SWIFT-BIC: WELADED1PMB Vorstand Telefon: 03304 562025 Fax-Nr.: 03303\u00a0 218475 e-mail: info(at)beachsport-bb.de 1. Vorsitzender: Holger Skibbe 2. Vorsitzender: Olaf Scholz Hinweise \u00a0 Trotz sorgf\u00e4ltiger inhaltlicher Kontrolle \u00fcbernehmen wir keine Haftung f\u00fcr die Inhalte externer verlinkter Webseiten. Alle &hellip; <\/p>\n<p class=\"link-more\"><a href=\"https:\/\/www.beachsport-bb.de\/beachvolleyball-brandenburg\/verein\/impressum\/\" class=\"more-link\"><span class=\"screen-reader-text\">\u201eImpressum\u201c<\/span> weiterlesen<\/a><\/p>\n","protected":false},"author":2,"featured_media":0,"parent":27,"menu_order":0,"comment_status":"open","ping_status":"open","template":"","meta":{"footnotes":""},"class_list":["post-31","page","type-page","status-publish","hentry"],"_links":{"self":[{"href":"https:\/\/www.beachsport-bb.de\/beachvolleyball-brandenburg\/wp-json\/wp\/v2\/pages\/31","targetHints":{"allow":["GET"]}}],"collection":[{"href":"https:\/\/www.beachsport-bb.de\/beachvolleyball-brandenburg\/wp-json\/wp\/v2\/pages"}],"about":[{"href":"https:\/\/www.beachsport-bb.de\/beachvolleyball-brandenburg\/wp-json\/wp\/v2\/types\/page"}],"author":[{"embeddable":true,"href":"https:\/\/www.beachsport-bb.de\/beachvolleyball-brandenburg\/wp-json\/wp\/v2\/users\/2"}],"replies":[{"embeddable":true,"href":"https:\/\/www.beachsport-bb.de\/beachvolleyball-brandenburg\/wp-json\/wp\/v2\/comments?post=31"}],"version-history":[{"count":18,"href":"https:\/\/www.beachsport-bb.de\/beachvolleyball-brandenburg\/wp-json\/wp\/v2\/pages\/31\/revisions"}],"predecessor-version":[{"id":1159,"href":"https:\/\/www.beachsport-bb.de\/beachvolleyball-brandenburg\/wp-json\/wp\/v2\/pages\/31\/revisions\/1159"}],"up":[{"embeddable":true,"href":"https:\/\/www.beachsport-bb.de\/beachvolleyball-brandenburg\/wp-json\/wp\/v2\/pages\/27"}],"wp:attachment":[{"href":"https:\/\/www.beachsport-bb.de\/beachvolleyball-brandenburg\/wp-json\/wp\/v2\/media?parent=31"}],"curies":[{"name":"wp","href":"https:\/\/api.w.org\/{rel}","templated":true}]}}